{"id":3270,"date":"2025-10-09T18:18:14","date_gmt":"2025-10-09T17:18:14","guid":{"rendered":"https:\/\/vatelier.fr\/?page_id=3270"},"modified":"2025-10-24T17:23:42","modified_gmt":"2025-10-24T16:23:42","slug":"21-22-nov-2025-fete-val-des-retros-satanas","status":"publish","type":"page","link":"https:\/\/vatelier.fr\/index.php\/21-22-nov-2025-fete-val-des-retros-satanas\/","title":{"rendered":"21\/22 Nov 2025 : F\u00eate \u00ab\u00a0VAL des r\u00e9tros Satanas\u00a0\u00bb"},"content":{"rendered":"\n<p style=\"text-align: center;\">Venez <strong>festoyer<\/strong> et<strong> soutenir financi\u00e8rement<\/strong> notre association. Mets ton plus beau <strong>d\u00e9guisement<\/strong> sur le th\u00e8me <strong>\u00ab\u00a0disco-satanique\u00a0\u00bb = VAL des r\u00e9tros satanas\u00a0<\/strong>!<\/p>\n<p style=\"text-align: center;\"><strong>Sur place : Buvette \/ restauration \/ Bonne humeur<\/strong><\/p>\n<p><img loading=\"lazy\" decoding=\"async\" class=\"aligncenter size-large wp-image-3271\" src=\"http:\/\/vatelier.fr\/wp-content\/uploads\/2025\/10\/valretrosatanas01-724x1024.jpg\" alt=\"\" width=\"724\" height=\"1024\" srcset=\"https:\/\/vatelier.fr\/wp-content\/uploads\/2025\/10\/valretrosatanas01-724x1024.jpg 724w, https:\/\/vatelier.fr\/wp-content\/uploads\/2025\/10\/valretrosatanas01-212x300.jpg 212w, https:\/\/vatelier.fr\/wp-content\/uploads\/2025\/10\/valretrosatanas01-768x1087.jpg 768w, https:\/\/vatelier.fr\/wp-content\/uploads\/2025\/10\/valretrosatanas01-543x768.jpg 543w, https:\/\/vatelier.fr\/wp-content\/uploads\/2025\/10\/valretrosatanas01-1086x1536.jpg 1086w, https:\/\/vatelier.fr\/wp-content\/uploads\/2025\/10\/valretrosatanas01-750x1061.jpg 750w, https:\/\/vatelier.fr\/wp-content\/uploads\/2025\/10\/valretrosatanas01-400x566.jpg 400w, https:\/\/vatelier.fr\/wp-content\/uploads\/2025\/10\/valretrosatanas01-430x608.jpg 430w, https:\/\/vatelier.fr\/wp-content\/uploads\/2025\/10\/valretrosatanas01-150x212.jpg 150w, https:\/\/vatelier.fr\/wp-content\/uploads\/2025\/10\/valretrosatanas01-100x141.jpg 100w, https:\/\/vatelier.fr\/wp-content\/uploads\/2025\/10\/valretrosatanas01.jpg 1169w\" sizes=\"auto, (max-width: 724px) 100vw, 724px\" \/><\/p>\n<h1>\u00a0<\/h1>\n<h1 style=\"text-align: center;\">ATTENTION <span style=\"color: #ff0000;\">PAS DE CB<\/span> SUR PLACE (seulement esp\u00e8ces ou ch\u00e8ques)<\/h1>\n<h1 style=\"text-align: center;\"><br \/>LE PROGRAMME :<\/h1>\n<h2 style=\"text-align: center;\">VENDREDI 21 Nov: Prix conscient et libre \u00e0 partir de 5\u20ac<\/h2>\n<p style=\"text-align: center;\"><strong>18h30\u00a0: Ouverture des portes<\/strong><br \/><strong>19h\u00a0: Repas<\/strong><br \/><strong>20h : Initiation au danse folk<\/strong><br \/>Tu n\u2019es pas habitu\u00e9 au bal folk\u00a0? Pas de probl\u00e8me on va t\u2019apprendre les danses les plus simples pour suivre pendant le concert\u00a0!<\/p>\n<p style=\"text-align: center;\"><strong>21h\u00a0: Concert: <a href=\"https:\/\/youtu.be\/2s3pAJn30XU\">POOLIDOR<\/a> (bal folk \u00e9lectro)<\/strong><\/p>\n<p style=\"text-align: left;\">POOLIDOR est un\u00a0duo de musique \u00e9lectronique qui marie les musiques traditionnelles berrichonnes et nord-africaines.<img loading=\"lazy\" decoding=\"async\" class=\"wp-image-3275 alignright\" src=\"http:\/\/vatelier.fr\/wp-content\/uploads\/2025\/10\/Poolidor-Duo-HD3-1024x683.jpg\" alt=\"\" width=\"508\" height=\"339\" srcset=\"https:\/\/vatelier.fr\/wp-content\/uploads\/2025\/10\/Poolidor-Duo-HD3-1024x683.jpg 1024w, https:\/\/vatelier.fr\/wp-content\/uploads\/2025\/10\/Poolidor-Duo-HD3-300x200.jpg 300w, https:\/\/vatelier.fr\/wp-content\/uploads\/2025\/10\/Poolidor-Duo-HD3-768x512.jpg 768w, https:\/\/vatelier.fr\/wp-content\/uploads\/2025\/10\/Poolidor-Duo-HD3-1536x1024.jpg 1536w, https:\/\/vatelier.fr\/wp-content\/uploads\/2025\/10\/Poolidor-Duo-HD3-2048x1365.jpg 2048w, https:\/\/vatelier.fr\/wp-content\/uploads\/2025\/10\/Poolidor-Duo-HD3-750x500.jpg 750w, https:\/\/vatelier.fr\/wp-content\/uploads\/2025\/10\/Poolidor-Duo-HD3-400x267.jpg 400w, https:\/\/vatelier.fr\/wp-content\/uploads\/2025\/10\/Poolidor-Duo-HD3-430x287.jpg 430w, https:\/\/vatelier.fr\/wp-content\/uploads\/2025\/10\/Poolidor-Duo-HD3-150x100.jpg 150w, https:\/\/vatelier.fr\/wp-content\/uploads\/2025\/10\/Poolidor-Duo-HD3-100x67.jpg 100w\" sizes=\"auto, (max-width: 508px) 100vw, 508px\" \/><br \/>Il produit un\u00a0son brut et hypnotique en associant des timbres et des percussions organiques aux ondes rutilantes de l\u2019\u00e9lectro. Sur sc\u00e8ne, une vielle \u00e0 roue, agr\u00e9ment\u00e9e d\u2019un p\u00e9dalier et d\u2019une roue de v\u00e9lo, fait face \u00e0 une platine vinyle. \u00c0 cette construction hors du temps s\u2019ajoutent des machines, un violon et des chants. En tandem, deux musiciens, complices depuis de nombreuses ann\u00e9es, entra\u00eenent le public dans une transe ensorcel\u00e9e. POOLIDOR, c\u2019est bien plus qu\u2019un concert, c\u2019est aussi\u00a0une exp\u00e9rience visuelle envo\u00fbtante et avant tout, une invitation irr\u00e9sistible \u00e0 la danse.<\/p>\n<p style=\"text-align: center;\"><strong>23h\u00a0: Boeuf acoustique , le bal folk continue<\/strong> <br \/>Ami.e.s musicien.ne.s apporte ton instrument acoustique et continue a faire danser la foule\u00a0!<\/p>\n<p style=\"text-align: center;\"><strong>00h30\u00a0: Fermeture\u00a0!<\/strong><\/p>\n<h2 style=\"text-align: center;\"><br \/>Samedi 22\u00a0Nov\u00a0: Prix Conscient et libre<\/h2>\n<p style=\"text-align: center;\"><br \/><strong>18h30\u00a0: Ouverture<\/strong> <br \/><strong>19h\u00a0: <a href=\"https:\/\/youtu.be\/HqLtMqMy9s0\">Spectacle KanTocH<\/a> (Burlesque, musique et magie \/ tout public)<\/strong><\/p>\n<p style=\"text-align: left;\">Les martiens incarnent l\u2019Etranger, on les d\u00e9couvrira demandeurs d\u2019asile.<br \/>Il sera aussi question de m\u00e9canique quantique, de microbiologie, d\u2019astrophysique, de r\u00e9volution et de respect\u2026 Avec l\u00e9g\u00e8ret\u00e9 et bienveillance\u00a0!<img loading=\"lazy\" decoding=\"async\" class=\" wp-image-3274 alignright\" src=\"http:\/\/vatelier.fr\/wp-content\/uploads\/2025\/10\/Kantoch.jpg\" alt=\"\" width=\"345\" height=\"282\" srcset=\"https:\/\/vatelier.fr\/wp-content\/uploads\/2025\/10\/Kantoch.jpg 300w, https:\/\/vatelier.fr\/wp-content\/uploads\/2025\/10\/Kantoch-150x123.jpg 150w, https:\/\/vatelier.fr\/wp-content\/uploads\/2025\/10\/Kantoch-100x82.jpg 100w\" sizes=\"auto, (max-width: 345px) 100vw, 345px\" \/><br \/>Les martiens de l\u2019espace nous observent depuis longtemps d\u00e9j\u00e0. Aujourd\u2019hui ils ont d\u00e9cid\u00e9s de se r\u00e9v\u00e9ler. L\u2019humanit\u00e9 s\u2019appr\u00eate \u00e0 vivre un jour historique : Le Contact ! Malheureusement par ici les temps ne sont pas \u00e0 un accueil enthousiaste des z\u00e9trangers. C\u2019est pourquoi ils ont confi\u00e9 \u00e0 Micheline et Henri une ambassade. Leur mission : d\u00e9gonfler la peur. Leurs armes : la musique, la connaissance et un g\u00e9n\u00e9rateur de chaos. Port\u00e9s par leur enthousiasme, ils vont tenter de nous r\u00e9v\u00e9ler les pouvoirs \u00e9tonnants que nous a confi\u00e9 la vie ; r\u00e9-enchanter le monde et retrouver le bonheur de vivre ensemble !<\/p>\n<p style=\"text-align: center;\"><strong>20h30 : Repas<\/strong><\/p>\n<p style=\"text-align: center;\"><strong>21h30 : Concert <a href=\"https:\/\/youtu.be\/AXZoe5k5bmY\">the bruitles<\/a> (Lutherie sauvage)<\/strong><\/p>\n<p style=\"text-align: left;\">Un concert avec instruments d\u00e9jant\u00e9s, un Bal de lutherie sauvage avec 4 musiciens-r\u00e9cup\u00e9rateurs-constructeurs enthousiastes. Un orchestre bricol\u00e9, un instrumentarium singulier, construit \u00e0 partir d\u2019objets r\u00e9cup\u00e9r\u00e9s et recycl\u00e9s.<img loading=\"lazy\" decoding=\"async\" class=\" wp-image-3273 alignright\" src=\"http:\/\/vatelier.fr\/wp-content\/uploads\/2025\/10\/BRUITLES-2025-1024x761.jpg\" alt=\"\" width=\"719\" height=\"534\" srcset=\"https:\/\/vatelier.fr\/wp-content\/uploads\/2025\/10\/BRUITLES-2025-1024x761.jpg 1024w, https:\/\/vatelier.fr\/wp-content\/uploads\/2025\/10\/BRUITLES-2025-300x223.jpg 300w, https:\/\/vatelier.fr\/wp-content\/uploads\/2025\/10\/BRUITLES-2025-768x571.jpg 768w, https:\/\/vatelier.fr\/wp-content\/uploads\/2025\/10\/BRUITLES-2025-1536x1141.jpg 1536w, https:\/\/vatelier.fr\/wp-content\/uploads\/2025\/10\/BRUITLES-2025-2048x1522.jpg 2048w, https:\/\/vatelier.fr\/wp-content\/uploads\/2025\/10\/BRUITLES-2025-750x557.jpg 750w, https:\/\/vatelier.fr\/wp-content\/uploads\/2025\/10\/BRUITLES-2025-400x297.jpg 400w, https:\/\/vatelier.fr\/wp-content\/uploads\/2025\/10\/BRUITLES-2025-430x319.jpg 430w, https:\/\/vatelier.fr\/wp-content\/uploads\/2025\/10\/BRUITLES-2025-150x111.jpg 150w, https:\/\/vatelier.fr\/wp-content\/uploads\/2025\/10\/BRUITLES-2025-100x74.jpg 100w\" sizes=\"auto, (max-width: 719px) 100vw, 719px\" \/><br \/>Les Bruitles composent avec des bouts de fer, des bouts de fils, et des bouts de bois, mais ils composent aussi des bouts de Funk, des bouts de techno, des bouts de Rumba, \u2026 Un bal \u00e0 fort potentiel dansant !<\/p>\n<p style=\"text-align: center;\"><strong>23h30 : DJ Marcassin + DJ YARA<\/strong><br \/><strong>00h30\u00a0: Fermeture<\/strong><\/p>\n\n\n","protected":false},"excerpt":{"rendered":"<p>Venez festoyer et soutenir financi\u00e8rement notre association. Mets ton plus beau d\u00e9guisement sur le th\u00e8me \u00ab\u00a0disco-satanique\u00a0\u00bb = VAL des r\u00e9tros satanas\u00a0! Sur place : Buvette \/ restauration \/ Bonne humeur [&hellip;]<\/p>\n","protected":false},"author":1,"featured_media":0,"parent":0,"menu_order":0,"comment_status":"closed","ping_status":"closed","template":"","meta":{"footnotes":""},"class_list":["post-3270","page","type-page","status-publish","hentry"],"yoast_head":"<!-- This site is optimized with the Yoast SEO plugin v27.5 - https:\/\/yoast.com\/product\/yoast-seo-wordpress\/ -->\n<title>21\/22 Nov 2025 : F\u00eate &quot;VAL des r\u00e9tros Satanas&quot; - Valence Atelier Libre<\/title>\n<meta name=\"robots\" content=\"index, follow, max-snippet:-1, max-image-preview:large, max-video-preview:-1\" \/>\n<link rel=\"canonical\" href=\"https:\/\/vatelier.fr\/index.php\/21-22-nov-2025-fete-val-des-retros-satanas\/\" \/>\n<meta property=\"og:locale\" content=\"fr_FR\" \/>\n<meta property=\"og:type\" content=\"article\" \/>\n<meta property=\"og:title\" content=\"21\/22 Nov 2025 : F\u00eate &quot;VAL des r\u00e9tros Satanas&quot; - Valence Atelier Libre\" \/>\n<meta property=\"og:description\" content=\"Venez festoyer et soutenir financi\u00e8rement notre association. Mets ton plus beau d\u00e9guisement sur le th\u00e8me \u00ab\u00a0disco-satanique\u00a0\u00bb = VAL des r\u00e9tros satanas\u00a0! Sur place : Buvette \/ restauration \/ Bonne humeur [&hellip;]\" \/>\n<meta property=\"og:url\" content=\"https:\/\/vatelier.fr\/index.php\/21-22-nov-2025-fete-val-des-retros-satanas\/\" \/>\n<meta property=\"og:site_name\" content=\"Valence Atelier Libre\" \/>\n<meta property=\"article:modified_time\" content=\"2025-10-24T16:23:42+00:00\" \/>\n<meta property=\"og:image\" content=\"http:\/\/vatelier.fr\/wp-content\/uploads\/2025\/10\/valretrosatanas01-724x1024.jpg\" \/>\n<meta name=\"twitter:card\" content=\"summary_large_image\" \/>\n<meta name=\"twitter:label1\" content=\"Dur\u00e9e de lecture estim\u00e9e\" \/>\n\t<meta name=\"twitter:data1\" content=\"4 minutes\" \/>\n<script type=\"application\/ld+json\" class=\"yoast-schema-graph\">{\"@context\":\"https:\\\/\\\/schema.org\",\"@graph\":[{\"@type\":\"WebPage\",\"@id\":\"https:\\\/\\\/vatelier.fr\\\/index.php\\\/21-22-nov-2025-fete-val-des-retros-satanas\\\/\",\"url\":\"https:\\\/\\\/vatelier.fr\\\/index.php\\\/21-22-nov-2025-fete-val-des-retros-satanas\\\/\",\"name\":\"21\\\/22 Nov 2025 : F\u00eate \\\"VAL des r\u00e9tros Satanas\\\" - Valence Atelier Libre\",\"isPartOf\":{\"@id\":\"https:\\\/\\\/vatelier.fr\\\/#website\"},\"primaryImageOfPage\":{\"@id\":\"https:\\\/\\\/vatelier.fr\\\/index.php\\\/21-22-nov-2025-fete-val-des-retros-satanas\\\/#primaryimage\"},\"image\":{\"@id\":\"https:\\\/\\\/vatelier.fr\\\/index.php\\\/21-22-nov-2025-fete-val-des-retros-satanas\\\/#primaryimage\"},\"thumbnailUrl\":\"http:\\\/\\\/vatelier.fr\\\/wp-content\\\/uploads\\\/2025\\\/10\\\/valretrosatanas01-724x1024.jpg\",\"datePublished\":\"2025-10-09T17:18:14+00:00\",\"dateModified\":\"2025-10-24T16:23:42+00:00\",\"breadcrumb\":{\"@id\":\"https:\\\/\\\/vatelier.fr\\\/index.php\\\/21-22-nov-2025-fete-val-des-retros-satanas\\\/#breadcrumb\"},\"inLanguage\":\"fr-FR\",\"potentialAction\":[{\"@type\":\"ReadAction\",\"target\":[\"https:\\\/\\\/vatelier.fr\\\/index.php\\\/21-22-nov-2025-fete-val-des-retros-satanas\\\/\"]}]},{\"@type\":\"ImageObject\",\"inLanguage\":\"fr-FR\",\"@id\":\"https:\\\/\\\/vatelier.fr\\\/index.php\\\/21-22-nov-2025-fete-val-des-retros-satanas\\\/#primaryimage\",\"url\":\"https:\\\/\\\/vatelier.fr\\\/wp-content\\\/uploads\\\/2025\\\/10\\\/valretrosatanas01.jpg\",\"contentUrl\":\"https:\\\/\\\/vatelier.fr\\\/wp-content\\\/uploads\\\/2025\\\/10\\\/valretrosatanas01.jpg\",\"width\":1169,\"height\":1654},{\"@type\":\"BreadcrumbList\",\"@id\":\"https:\\\/\\\/vatelier.fr\\\/index.php\\\/21-22-nov-2025-fete-val-des-retros-satanas\\\/#breadcrumb\",\"itemListElement\":[{\"@type\":\"ListItem\",\"position\":1,\"name\":\"Accueil\",\"item\":\"https:\\\/\\\/vatelier.fr\\\/\"},{\"@type\":\"ListItem\",\"position\":2,\"name\":\"21\\\/22 Nov 2025 : F\u00eate \u00ab\u00a0VAL des r\u00e9tros Satanas\u00a0\u00bb\"}]},{\"@type\":\"WebSite\",\"@id\":\"https:\\\/\\\/vatelier.fr\\\/#website\",\"url\":\"https:\\\/\\\/vatelier.fr\\\/\",\"name\":\"Valence Atelier Libre\",\"description\":\"Association de partage de savoir-faire\",\"publisher\":{\"@id\":\"https:\\\/\\\/vatelier.fr\\\/#organization\"},\"potentialAction\":[{\"@type\":\"SearchAction\",\"target\":{\"@type\":\"EntryPoint\",\"urlTemplate\":\"https:\\\/\\\/vatelier.fr\\\/?s={search_term_string}\"},\"query-input\":{\"@type\":\"PropertyValueSpecification\",\"valueRequired\":true,\"valueName\":\"search_term_string\"}}],\"inLanguage\":\"fr-FR\"},{\"@type\":\"Organization\",\"@id\":\"https:\\\/\\\/vatelier.fr\\\/#organization\",\"name\":\"Valence Atelier Libre\",\"url\":\"https:\\\/\\\/vatelier.fr\\\/\",\"logo\":{\"@type\":\"ImageObject\",\"inLanguage\":\"fr-FR\",\"@id\":\"https:\\\/\\\/vatelier.fr\\\/#\\\/schema\\\/logo\\\/image\\\/\",\"url\":\"http:\\\/\\\/vatelier.fr\\\/wp-content\\\/uploads\\\/2016\\\/02\\\/logo-jeanne.png\",\"contentUrl\":\"http:\\\/\\\/vatelier.fr\\\/wp-content\\\/uploads\\\/2016\\\/02\\\/logo-jeanne.png\",\"width\":906,\"height\":843,\"caption\":\"Valence Atelier Libre\"},\"image\":{\"@id\":\"https:\\\/\\\/vatelier.fr\\\/#\\\/schema\\\/logo\\\/image\\\/\"}}]}<\/script>\n<!-- \/ Yoast SEO plugin. -->","yoast_head_json":{"title":"21\/22 Nov 2025 : F\u00eate \"VAL des r\u00e9tros Satanas\" - Valence Atelier Libre","robots":{"index":"index","follow":"follow","max-snippet":"max-snippet:-1","max-image-preview":"max-image-preview:large","max-video-preview":"max-video-preview:-1"},"canonical":"https:\/\/vatelier.fr\/index.php\/21-22-nov-2025-fete-val-des-retros-satanas\/","og_locale":"fr_FR","og_type":"article","og_title":"21\/22 Nov 2025 : F\u00eate \"VAL des r\u00e9tros Satanas\" - Valence Atelier Libre","og_description":"Venez festoyer et soutenir financi\u00e8rement notre association. Mets ton plus beau d\u00e9guisement sur le th\u00e8me \u00ab\u00a0disco-satanique\u00a0\u00bb = VAL des r\u00e9tros satanas\u00a0! Sur place : Buvette \/ restauration \/ Bonne humeur [&hellip;]","og_url":"https:\/\/vatelier.fr\/index.php\/21-22-nov-2025-fete-val-des-retros-satanas\/","og_site_name":"Valence Atelier Libre","article_modified_time":"2025-10-24T16:23:42+00:00","og_image":[{"url":"http:\/\/vatelier.fr\/wp-content\/uploads\/2025\/10\/valretrosatanas01-724x1024.jpg","type":"","width":"","height":""}],"twitter_card":"summary_large_image","twitter_misc":{"Dur\u00e9e de lecture estim\u00e9e":"4 minutes"},"schema":{"@context":"https:\/\/schema.org","@graph":[{"@type":"WebPage","@id":"https:\/\/vatelier.fr\/index.php\/21-22-nov-2025-fete-val-des-retros-satanas\/","url":"https:\/\/vatelier.fr\/index.php\/21-22-nov-2025-fete-val-des-retros-satanas\/","name":"21\/22 Nov 2025 : F\u00eate \"VAL des r\u00e9tros Satanas\" - Valence Atelier Libre","isPartOf":{"@id":"https:\/\/vatelier.fr\/#website"},"primaryImageOfPage":{"@id":"https:\/\/vatelier.fr\/index.php\/21-22-nov-2025-fete-val-des-retros-satanas\/#primaryimage"},"image":{"@id":"https:\/\/vatelier.fr\/index.php\/21-22-nov-2025-fete-val-des-retros-satanas\/#primaryimage"},"thumbnailUrl":"http:\/\/vatelier.fr\/wp-content\/uploads\/2025\/10\/valretrosatanas01-724x1024.jpg","datePublished":"2025-10-09T17:18:14+00:00","dateModified":"2025-10-24T16:23:42+00:00","breadcrumb":{"@id":"https:\/\/vatelier.fr\/index.php\/21-22-nov-2025-fete-val-des-retros-satanas\/#breadcrumb"},"inLanguage":"fr-FR","potentialAction":[{"@type":"ReadAction","target":["https:\/\/vatelier.fr\/index.php\/21-22-nov-2025-fete-val-des-retros-satanas\/"]}]},{"@type":"ImageObject","inLanguage":"fr-FR","@id":"https:\/\/vatelier.fr\/index.php\/21-22-nov-2025-fete-val-des-retros-satanas\/#primaryimage","url":"https:\/\/vatelier.fr\/wp-content\/uploads\/2025\/10\/valretrosatanas01.jpg","contentUrl":"https:\/\/vatelier.fr\/wp-content\/uploads\/2025\/10\/valretrosatanas01.jpg","width":1169,"height":1654},{"@type":"BreadcrumbList","@id":"https:\/\/vatelier.fr\/index.php\/21-22-nov-2025-fete-val-des-retros-satanas\/#breadcrumb","itemListElement":[{"@type":"ListItem","position":1,"name":"Accueil","item":"https:\/\/vatelier.fr\/"},{"@type":"ListItem","position":2,"name":"21\/22 Nov 2025 : F\u00eate \u00ab\u00a0VAL des r\u00e9tros Satanas\u00a0\u00bb"}]},{"@type":"WebSite","@id":"https:\/\/vatelier.fr\/#website","url":"https:\/\/vatelier.fr\/","name":"Valence Atelier Libre","description":"Association de partage de savoir-faire","publisher":{"@id":"https:\/\/vatelier.fr\/#organization"},"potentialAction":[{"@type":"SearchAction","target":{"@type":"EntryPoint","urlTemplate":"https:\/\/vatelier.fr\/?s={search_term_string}"},"query-input":{"@type":"PropertyValueSpecification","valueRequired":true,"valueName":"search_term_string"}}],"inLanguage":"fr-FR"},{"@type":"Organization","@id":"https:\/\/vatelier.fr\/#organization","name":"Valence Atelier Libre","url":"https:\/\/vatelier.fr\/","logo":{"@type":"ImageObject","inLanguage":"fr-FR","@id":"https:\/\/vatelier.fr\/#\/schema\/logo\/image\/","url":"http:\/\/vatelier.fr\/wp-content\/uploads\/2016\/02\/logo-jeanne.png","contentUrl":"http:\/\/vatelier.fr\/wp-content\/uploads\/2016\/02\/logo-jeanne.png","width":906,"height":843,"caption":"Valence Atelier Libre"},"image":{"@id":"https:\/\/vatelier.fr\/#\/schema\/logo\/image\/"}}]}},"_links":{"self":[{"href":"https:\/\/vatelier.fr\/index.php\/wp-json\/wp\/v2\/pages\/3270","targetHints":{"allow":["GET"]}}],"collection":[{"href":"https:\/\/vatelier.fr\/index.php\/wp-json\/wp\/v2\/pages"}],"about":[{"href":"https:\/\/vatelier.fr\/index.php\/wp-json\/wp\/v2\/types\/page"}],"author":[{"embeddable":true,"href":"https:\/\/vatelier.fr\/index.php\/wp-json\/wp\/v2\/users\/1"}],"replies":[{"embeddable":true,"href":"https:\/\/vatelier.fr\/index.php\/wp-json\/wp\/v2\/comments?post=3270"}],"version-history":[{"count":8,"href":"https:\/\/vatelier.fr\/index.php\/wp-json\/wp\/v2\/pages\/3270\/revisions"}],"predecessor-version":[{"id":3317,"href":"https:\/\/vatelier.fr\/index.php\/wp-json\/wp\/v2\/pages\/3270\/revisions\/3317"}],"wp:attachment":[{"href":"https:\/\/vatelier.fr\/index.php\/wp-json\/wp\/v2\/media?parent=3270"}],"curies":[{"name":"wp","href":"https:\/\/api.w.org\/{rel}","templated":true}]}}