{"id":871,"date":"2017-07-25T22:10:39","date_gmt":"2017-07-25T21:10:39","guid":{"rendered":"http:\/\/vatelier.fr\/?page_id=871"},"modified":"2017-07-25T22:38:36","modified_gmt":"2017-07-25T21:38:36","slug":"on-sinitie-on-bricole","status":"publish","type":"page","link":"https:\/\/vatelier.fr\/index.php\/on-sinitie-on-bricole\/","title":{"rendered":"On s&rsquo;initie et on bricole !"},"content":{"rendered":"<p><span style=\"color: #000000;\">Le principe au VAL c&rsquo;est que les initiations et ateliers sont propos\u00e9.e.s par et pour les adh\u00e9rent.e.s ! c&rsquo;est donc un programme tr\u00e8s vari\u00e9 qui est propos\u00e9 chaque mois&#8230; certains ateliers sont r\u00e9currents, d&rsquo;autres tr\u00e8s ponctuels. ce qui est s\u00fbr, c&rsquo;est qu&rsquo;il y en a pour tous les go\u00fbts !!<\/span><\/p>\n<p><span style=\"color: #000000;\">Voil\u00e0 quelques exemples&#8230; laissez libre votre imagination pour le mois prochain : qu&rsquo;avez-vous \u00e0 partager?<\/span><\/p>\n<p>&nbsp;<\/p>\n<p><img loading=\"lazy\" decoding=\"async\" class=\"aligncenter wp-image-881 size-full\" src=\"http:\/\/vatelier.fr\/wp-content\/uploads\/2017\/07\/on-s-initie.png\" alt=\"\" width=\"3056\" height=\"4672\" srcset=\"https:\/\/vatelier.fr\/wp-content\/uploads\/2017\/07\/on-s-initie.png 3056w, https:\/\/vatelier.fr\/wp-content\/uploads\/2017\/07\/on-s-initie-196x300.png 196w, https:\/\/vatelier.fr\/wp-content\/uploads\/2017\/07\/on-s-initie-768x1174.png 768w, https:\/\/vatelier.fr\/wp-content\/uploads\/2017\/07\/on-s-initie-670x1024.png 670w, https:\/\/vatelier.fr\/wp-content\/uploads\/2017\/07\/on-s-initie-750x1147.png 750w, https:\/\/vatelier.fr\/wp-content\/uploads\/2017\/07\/on-s-initie-400x612.png 400w, https:\/\/vatelier.fr\/wp-content\/uploads\/2017\/07\/on-s-initie-430x657.png 430w, https:\/\/vatelier.fr\/wp-content\/uploads\/2017\/07\/on-s-initie-150x229.png 150w, https:\/\/vatelier.fr\/wp-content\/uploads\/2017\/07\/on-s-initie-100x153.png 100w\" sizes=\"auto, (max-width: 3056px) 100vw, 3056px\" \/><\/p>\n","protected":false},"excerpt":{"rendered":"<p>Le principe au VAL c&rsquo;est que les initiations et ateliers sont propos\u00e9.e.s par et pour les adh\u00e9rent.e.s ! c&rsquo;est donc un programme tr\u00e8s vari\u00e9 qui est propos\u00e9 chaque mois&#8230; certains [&hellip;]<\/p>\n","protected":false},"author":1,"featured_media":0,"parent":0,"menu_order":0,"comment_status":"closed","ping_status":"closed","template":"page_fullwidth.php","meta":{"footnotes":""},"class_list":["post-871","page","type-page","status-publish","hentry"],"yoast_head":"<!-- This site is optimized with the Yoast SEO plugin v27.5 - https:\/\/yoast.com\/product\/yoast-seo-wordpress\/ -->\n<title>On s&#039;initie et on bricole ! - Valence Atelier Libre<\/title>\n<meta name=\"robots\" content=\"index, follow, max-snippet:-1, max-image-preview:large, max-video-preview:-1\" \/>\n<link rel=\"canonical\" href=\"https:\/\/vatelier.fr\/index.php\/on-sinitie-on-bricole\/\" \/>\n<meta property=\"og:locale\" content=\"fr_FR\" \/>\n<meta property=\"og:type\" content=\"article\" \/>\n<meta property=\"og:title\" content=\"On s&#039;initie et on bricole ! - Valence Atelier Libre\" \/>\n<meta property=\"og:description\" content=\"Le principe au VAL c&rsquo;est que les initiations et ateliers sont propos\u00e9.e.s par et pour les adh\u00e9rent.e.s ! c&rsquo;est donc un programme tr\u00e8s vari\u00e9 qui est propos\u00e9 chaque mois&#8230; certains [&hellip;]\" \/>\n<meta property=\"og:url\" content=\"https:\/\/vatelier.fr\/index.php\/on-sinitie-on-bricole\/\" \/>\n<meta property=\"og:site_name\" content=\"Valence Atelier Libre\" \/>\n<meta property=\"article:modified_time\" content=\"2017-07-25T21:38:36+00:00\" \/>\n<meta property=\"og:image\" content=\"http:\/\/vatelier.fr\/wp-content\/uploads\/2017\/07\/on-s-initie.png\" \/>\n<meta name=\"twitter:card\" content=\"summary_large_image\" \/>\n<script type=\"application\/ld+json\" class=\"yoast-schema-graph\">{\"@context\":\"https:\\\/\\\/schema.org\",\"@graph\":[{\"@type\":\"WebPage\",\"@id\":\"https:\\\/\\\/vatelier.fr\\\/index.php\\\/on-sinitie-on-bricole\\\/\",\"url\":\"https:\\\/\\\/vatelier.fr\\\/index.php\\\/on-sinitie-on-bricole\\\/\",\"name\":\"On s'initie et on bricole ! - Valence Atelier Libre\",\"isPartOf\":{\"@id\":\"https:\\\/\\\/vatelier.fr\\\/#website\"},\"primaryImageOfPage\":{\"@id\":\"https:\\\/\\\/vatelier.fr\\\/index.php\\\/on-sinitie-on-bricole\\\/#primaryimage\"},\"image\":{\"@id\":\"https:\\\/\\\/vatelier.fr\\\/index.php\\\/on-sinitie-on-bricole\\\/#primaryimage\"},\"thumbnailUrl\":\"http:\\\/\\\/vatelier.fr\\\/wp-content\\\/uploads\\\/2017\\\/07\\\/on-s-initie.png\",\"datePublished\":\"2017-07-25T21:10:39+00:00\",\"dateModified\":\"2017-07-25T21:38:36+00:00\",\"breadcrumb\":{\"@id\":\"https:\\\/\\\/vatelier.fr\\\/index.php\\\/on-sinitie-on-bricole\\\/#breadcrumb\"},\"inLanguage\":\"fr-FR\",\"potentialAction\":[{\"@type\":\"ReadAction\",\"target\":[\"https:\\\/\\\/vatelier.fr\\\/index.php\\\/on-sinitie-on-bricole\\\/\"]}]},{\"@type\":\"ImageObject\",\"inLanguage\":\"fr-FR\",\"@id\":\"https:\\\/\\\/vatelier.fr\\\/index.php\\\/on-sinitie-on-bricole\\\/#primaryimage\",\"url\":\"https:\\\/\\\/vatelier.fr\\\/wp-content\\\/uploads\\\/2017\\\/07\\\/on-s-initie.png\",\"contentUrl\":\"https:\\\/\\\/vatelier.fr\\\/wp-content\\\/uploads\\\/2017\\\/07\\\/on-s-initie.png\",\"width\":3056,\"height\":4672},{\"@type\":\"BreadcrumbList\",\"@id\":\"https:\\\/\\\/vatelier.fr\\\/index.php\\\/on-sinitie-on-bricole\\\/#breadcrumb\",\"itemListElement\":[{\"@type\":\"ListItem\",\"position\":1,\"name\":\"Accueil\",\"item\":\"https:\\\/\\\/vatelier.fr\\\/\"},{\"@type\":\"ListItem\",\"position\":2,\"name\":\"On s&rsquo;initie et on bricole !\"}]},{\"@type\":\"WebSite\",\"@id\":\"https:\\\/\\\/vatelier.fr\\\/#website\",\"url\":\"https:\\\/\\\/vatelier.fr\\\/\",\"name\":\"Valence Atelier Libre\",\"description\":\"Association de partage de savoir-faire\",\"publisher\":{\"@id\":\"https:\\\/\\\/vatelier.fr\\\/#organization\"},\"potentialAction\":[{\"@type\":\"SearchAction\",\"target\":{\"@type\":\"EntryPoint\",\"urlTemplate\":\"https:\\\/\\\/vatelier.fr\\\/?s={search_term_string}\"},\"query-input\":{\"@type\":\"PropertyValueSpecification\",\"valueRequired\":true,\"valueName\":\"search_term_string\"}}],\"inLanguage\":\"fr-FR\"},{\"@type\":\"Organization\",\"@id\":\"https:\\\/\\\/vatelier.fr\\\/#organization\",\"name\":\"Valence Atelier Libre\",\"url\":\"https:\\\/\\\/vatelier.fr\\\/\",\"logo\":{\"@type\":\"ImageObject\",\"inLanguage\":\"fr-FR\",\"@id\":\"https:\\\/\\\/vatelier.fr\\\/#\\\/schema\\\/logo\\\/image\\\/\",\"url\":\"http:\\\/\\\/vatelier.fr\\\/wp-content\\\/uploads\\\/2016\\\/02\\\/logo-jeanne.png\",\"contentUrl\":\"http:\\\/\\\/vatelier.fr\\\/wp-content\\\/uploads\\\/2016\\\/02\\\/logo-jeanne.png\",\"width\":906,\"height\":843,\"caption\":\"Valence Atelier Libre\"},\"image\":{\"@id\":\"https:\\\/\\\/vatelier.fr\\\/#\\\/schema\\\/logo\\\/image\\\/\"}}]}<\/script>\n<!-- \/ Yoast SEO plugin. -->","yoast_head_json":{"title":"On s'initie et on bricole ! - Valence Atelier Libre","robots":{"index":"index","follow":"follow","max-snippet":"max-snippet:-1","max-image-preview":"max-image-preview:large","max-video-preview":"max-video-preview:-1"},"canonical":"https:\/\/vatelier.fr\/index.php\/on-sinitie-on-bricole\/","og_locale":"fr_FR","og_type":"article","og_title":"On s'initie et on bricole ! - Valence Atelier Libre","og_description":"Le principe au VAL c&rsquo;est que les initiations et ateliers sont propos\u00e9.e.s par et pour les adh\u00e9rent.e.s ! c&rsquo;est donc un programme tr\u00e8s vari\u00e9 qui est propos\u00e9 chaque mois&#8230; certains [&hellip;]","og_url":"https:\/\/vatelier.fr\/index.php\/on-sinitie-on-bricole\/","og_site_name":"Valence Atelier Libre","article_modified_time":"2017-07-25T21:38:36+00:00","og_image":[{"url":"http:\/\/vatelier.fr\/wp-content\/uploads\/2017\/07\/on-s-initie.png","type":"","width":"","height":""}],"twitter_card":"summary_large_image","schema":{"@context":"https:\/\/schema.org","@graph":[{"@type":"WebPage","@id":"https:\/\/vatelier.fr\/index.php\/on-sinitie-on-bricole\/","url":"https:\/\/vatelier.fr\/index.php\/on-sinitie-on-bricole\/","name":"On s'initie et on bricole ! - Valence Atelier Libre","isPartOf":{"@id":"https:\/\/vatelier.fr\/#website"},"primaryImageOfPage":{"@id":"https:\/\/vatelier.fr\/index.php\/on-sinitie-on-bricole\/#primaryimage"},"image":{"@id":"https:\/\/vatelier.fr\/index.php\/on-sinitie-on-bricole\/#primaryimage"},"thumbnailUrl":"http:\/\/vatelier.fr\/wp-content\/uploads\/2017\/07\/on-s-initie.png","datePublished":"2017-07-25T21:10:39+00:00","dateModified":"2017-07-25T21:38:36+00:00","breadcrumb":{"@id":"https:\/\/vatelier.fr\/index.php\/on-sinitie-on-bricole\/#breadcrumb"},"inLanguage":"fr-FR","potentialAction":[{"@type":"ReadAction","target":["https:\/\/vatelier.fr\/index.php\/on-sinitie-on-bricole\/"]}]},{"@type":"ImageObject","inLanguage":"fr-FR","@id":"https:\/\/vatelier.fr\/index.php\/on-sinitie-on-bricole\/#primaryimage","url":"https:\/\/vatelier.fr\/wp-content\/uploads\/2017\/07\/on-s-initie.png","contentUrl":"https:\/\/vatelier.fr\/wp-content\/uploads\/2017\/07\/on-s-initie.png","width":3056,"height":4672},{"@type":"BreadcrumbList","@id":"https:\/\/vatelier.fr\/index.php\/on-sinitie-on-bricole\/#breadcrumb","itemListElement":[{"@type":"ListItem","position":1,"name":"Accueil","item":"https:\/\/vatelier.fr\/"},{"@type":"ListItem","position":2,"name":"On s&rsquo;initie et on bricole !"}]},{"@type":"WebSite","@id":"https:\/\/vatelier.fr\/#website","url":"https:\/\/vatelier.fr\/","name":"Valence Atelier Libre","description":"Association de partage de savoir-faire","publisher":{"@id":"https:\/\/vatelier.fr\/#organization"},"potentialAction":[{"@type":"SearchAction","target":{"@type":"EntryPoint","urlTemplate":"https:\/\/vatelier.fr\/?s={search_term_string}"},"query-input":{"@type":"PropertyValueSpecification","valueRequired":true,"valueName":"search_term_string"}}],"inLanguage":"fr-FR"},{"@type":"Organization","@id":"https:\/\/vatelier.fr\/#organization","name":"Valence Atelier Libre","url":"https:\/\/vatelier.fr\/","logo":{"@type":"ImageObject","inLanguage":"fr-FR","@id":"https:\/\/vatelier.fr\/#\/schema\/logo\/image\/","url":"http:\/\/vatelier.fr\/wp-content\/uploads\/2016\/02\/logo-jeanne.png","contentUrl":"http:\/\/vatelier.fr\/wp-content\/uploads\/2016\/02\/logo-jeanne.png","width":906,"height":843,"caption":"Valence Atelier Libre"},"image":{"@id":"https:\/\/vatelier.fr\/#\/schema\/logo\/image\/"}}]}},"_links":{"self":[{"href":"https:\/\/vatelier.fr\/index.php\/wp-json\/wp\/v2\/pages\/871","targetHints":{"allow":["GET"]}}],"collection":[{"href":"https:\/\/vatelier.fr\/index.php\/wp-json\/wp\/v2\/pages"}],"about":[{"href":"https:\/\/vatelier.fr\/index.php\/wp-json\/wp\/v2\/types\/page"}],"author":[{"embeddable":true,"href":"https:\/\/vatelier.fr\/index.php\/wp-json\/wp\/v2\/users\/1"}],"replies":[{"embeddable":true,"href":"https:\/\/vatelier.fr\/index.php\/wp-json\/wp\/v2\/comments?post=871"}],"version-history":[{"count":5,"href":"https:\/\/vatelier.fr\/index.php\/wp-json\/wp\/v2\/pages\/871\/revisions"}],"predecessor-version":[{"id":882,"href":"https:\/\/vatelier.fr\/index.php\/wp-json\/wp\/v2\/pages\/871\/revisions\/882"}],"wp:attachment":[{"href":"https:\/\/vatelier.fr\/index.php\/wp-json\/wp\/v2\/media?parent=871"}],"curies":[{"name":"wp","href":"https:\/\/api.w.org\/{rel}","templated":true}]}}

<p><span style="color: #000000;">Le principe au VAL c&rsquo;est que les initiations et ateliers sont proposé.e.s par et pour les adhérent.e.s ! c&rsquo;est donc un programme très varié qui est proposé chaque mois&#8230; certains ateliers sont récurrents, d&rsquo;autres très ponctuels. ce qui est sûr, c&rsquo;est qu&rsquo;il y en a pour tous les goûts !!</span></p>
<p><span style="color: #000000;">Voilà quelques exemples&#8230; laissez libre votre imagination pour le mois prochain : qu&rsquo;avez-vous à partager?</span></p>
<p>&nbsp;</p>
<p><img loading="lazy" decoding="async" class="aligncenter wp-image-881 size-full" src="http://vatelier.fr/wp-content/uploads/2017/07/on-s-initie.png" alt="" width="3056" height="4672" srcset="https://vatelier.fr/wp-content/uploads/2017/07/on-s-initie.png 3056w, https://vatelier.fr/wp-content/uploads/2017/07/on-s-initie-196x300.png 196w, https://vatelier.fr/wp-content/uploads/2017/07/on-s-initie-768x1174.png 768w, https://vatelier.fr/wp-content/uploads/2017/07/on-s-initie-670x1024.png 670w, https://vatelier.fr/wp-content/uploads/2017/07/on-s-initie-750x1147.png 750w, https://vatelier.fr/wp-content/uploads/2017/07/on-s-initie-400x612.png 400w, https://vatelier.fr/wp-content/uploads/2017/07/on-s-initie-430x657.png 430w, https://vatelier.fr/wp-content/uploads/2017/07/on-s-initie-150x229.png 150w, https://vatelier.fr/wp-content/uploads/2017/07/on-s-initie-100x153.png 100w" sizes="auto, (max-width: 3056px) 100vw, 3056px" /></p>

<p>Le principe au VAL c&rsquo;est que les initiations et ateliers sont proposé.e.s par et pour les adhérent.e.s ! c&rsquo;est donc un programme très varié qui est proposé chaque mois&#8230; certains [&hellip;]</p>

<!-- This site is optimized with the Yoast SEO plugin v27.5 - https://yoast.com/product/yoast-seo-wordpress/ -->
<title>On s&#039;initie et on bricole ! - Valence Atelier Libre</title>
<meta name="robots" content="index, follow, max-snippet:-1, max-image-preview:large, max-video-preview:-1" />
<link rel="canonical" href="https://vatelier.fr/index.php/on-sinitie-on-bricole/" />
<meta property="og:locale" content="fr_FR" />
<meta property="og:type" content="article" />
<meta property="og:title" content="On s&#039;initie et on bricole ! - Valence Atelier Libre" />
<meta property="og:description" content="Le principe au VAL c&rsquo;est que les initiations et ateliers sont proposé.e.s par et pour les adhérent.e.s ! c&rsquo;est donc un programme très varié qui est proposé chaque mois&#8230; certains [&hellip;]" />
<meta property="og:url" content="https://vatelier.fr/index.php/on-sinitie-on-bricole/" />
<meta property="og:site_name" content="Valence Atelier Libre" />
<meta property="article:modified_time" content="2017-07-25T21:38:36+00:00" />
<meta property="og:image" content="http://vatelier.fr/wp-content/uploads/2017/07/on-s-initie.png" />
<meta name="twitter:card" content="summary_large_image" />
<script type="application/ld+json" class="yoast-schema-graph">{"@context":"https:\/\/schema.org","@graph":[{"@type":"WebPage","@id":"https:\/\/vatelier.fr\/index.php\/on-sinitie-on-bricole\/","url":"https:\/\/vatelier.fr\/index.php\/on-sinitie-on-bricole\/","name":"On s'initie et on bricole ! - Valence Atelier Libre","isPartOf":{"@id":"https:\/\/vatelier.fr\/#website"},"primaryImageOfPage":{"@id":"https:\/\/vatelier.fr\/index.php\/on-sinitie-on-bricole\/#primaryimage"},"image":{"@id":"https:\/\/vatelier.fr\/index.php\/on-sinitie-on-bricole\/#primaryimage"},"thumbnailUrl":"http:\/\/vatelier.fr\/wp-content\/uploads\/2017\/07\/on-s-initie.png","datePublished":"2017-07-25T21:10:39+00:00","dateModified":"2017-07-25T21:38:36+00:00","breadcrumb":{"@id":"https:\/\/vatelier.fr\/index.php\/on-sinitie-on-bricole\/#breadcrumb"},"inLanguage":"fr-FR","potentialAction":[{"@type":"ReadAction","target":["https:\/\/vatelier.fr\/index.php\/on-sinitie-on-bricole\/"]}]},{"@type":"ImageObject","inLanguage":"fr-FR","@id":"https:\/\/vatelier.fr\/index.php\/on-sinitie-on-bricole\/#primaryimage","url":"https:\/\/vatelier.fr\/wp-content\/uploads\/2017\/07\/on-s-initie.png","contentUrl":"https:\/\/vatelier.fr\/wp-content\/uploads\/2017\/07\/on-s-initie.png","width":3056,"height":4672},{"@type":"BreadcrumbList","@id":"https:\/\/vatelier.fr\/index.php\/on-sinitie-on-bricole\/#breadcrumb","itemListElement":[{"@type":"ListItem","position":1,"name":"Accueil","item":"https:\/\/vatelier.fr\/"},{"@type":"ListItem","position":2,"name":"On s&rsquo;initie et on bricole !"}]},{"@type":"WebSite","@id":"https:\/\/vatelier.fr\/#website","url":"https:\/\/vatelier.fr\/","name":"Valence Atelier Libre","description":"Association de partage de savoir-faire","publisher":{"@id":"https:\/\/vatelier.fr\/#organization"},"potentialAction":[{"@type":"SearchAction","target":{"@type":"EntryPoint","urlTemplate":"https:\/\/vatelier.fr\/?s={search_term_string}"},"query-input":{"@type":"PropertyValueSpecification","valueRequired":true,"valueName":"search_term_string"}}],"inLanguage":"fr-FR"},{"@type":"Organization","@id":"https:\/\/vatelier.fr\/#organization","name":"Valence Atelier Libre","url":"https:\/\/vatelier.fr\/","logo":{"@type":"ImageObject","inLanguage":"fr-FR","@id":"https:\/\/vatelier.fr\/#\/schema\/logo\/image\/","url":"http:\/\/vatelier.fr\/wp-content\/uploads\/2016\/02\/logo-jeanne.png","contentUrl":"http:\/\/vatelier.fr\/wp-content\/uploads\/2016\/02\/logo-jeanne.png","width":906,"height":843,"caption":"Valence Atelier Libre"},"image":{"@id":"https:\/\/vatelier.fr\/#\/schema\/logo\/image\/"}}]}</script>
<!-- / Yoast SEO plugin. -->

Le principe au VAL c&rsquo;est que les initiations et ateliers sont proposé.e.s par et pour les adhérent.e.s ! c&rsquo;est donc un programme très varié qui est proposé chaque mois&#8230; certains [&hellip;]
