{"id":949,"date":"2017-09-09T10:53:26","date_gmt":"2017-09-09T09:53:26","guid":{"rendered":"http:\/\/vatelier.fr\/?page_id=949"},"modified":"2023-03-31T14:58:10","modified_gmt":"2023-03-31T13:58:10","slug":"devenir-benevole","status":"publish","type":"page","link":"https:\/\/vatelier.fr\/index.php\/devenir-benevole\/","title":{"rendered":"Devenir B\u00e9n\u00e9vole !"},"content":{"rendered":"<p><strong>Les b\u00e9n\u00e9voles sont essentiel.le.s \u00e0 la mat\u00e9riauth\u00e8que&#8230; Sans elles et eux, cette initiative n&rsquo;aurait pas vu le jour.<\/strong>\u00a0 Illes donnent de leur \u00e9nergie et bonne humeur pour que tou.te.s les bricoleur.euse.s puissent trouver des tr\u00e9sors de la r\u00e9cup&rsquo; toute l&rsquo;ann\u00e9e!<br \/>\nLes diff\u00e9rentes activit\u00e9s sont partag\u00e9es et r\u00e9alis\u00e9es ensembles afin de permettre \u00e0 cette initiative d&rsquo;exister et de perdurer, et \u00e0 chacun de rester motiv\u00e9.e!<br \/>\nIlles sont pr\u00e9sent.e.s \u00e0 chaque \u00e9tape : communication, d\u00e9marchage des entreprises aux bennes pleines, tourn\u00e9es de r\u00e9cup, tri, rangement et am\u00e9nagement, puis tenue des permanences.<\/p>\n<p>Chacun.e arrive \u00e0 la mat\u00e9riauth\u00e8que avec ses id\u00e9es, sa cr\u00e9ativit\u00e9, ses envies. Nous tendons \u00e0 cr\u00e9er une atmosph\u00e8re conviviale et qui am\u00e8ne au partage : ensemble, on est tellement plus riches!<\/p>\n<h3><strong>Comment s&rsquo;inscrire ou se renseigner sur les activit\u00e9s b\u00e9n\u00e9voles :<\/strong><\/h3>\n<p><strong>En se rencontrant : <\/strong>Sur demande ou \u00e0 une permanence accueil (\u00e0 l&rsquo;atelier) ou tout les mercredi et samedi \u00e0 la mat\u00e9riauth\u00e8que (10h-18h)<br \/>\n<strong>Ou Par Mail :<\/strong> <a href=\"mailto:contact@vatelier.fr\" target=\"_blank\" rel=\"noopener\">contact@vatelier.fr<\/a><br \/>\n<strong>Ou Directement dans l&rsquo;agenda en ligne :<\/strong> <a href=\"https:\/\/click.mlsend.com\/link\/c\/YT0yMTgyNjM5OTgzNjQ5NjIxNjMyJmM9bTNxNiZlPTAmYj0xMTEyMjAxMDQ4JmQ9czZtNmsybw==.SSgFcxr3PRhcL0xOoN6isrChJasMqbIbWtbIlSEZhBA\" target=\"_blank\" rel=\"noopener\" data-link-id=\"1112201048\">www.framagenda.org<\/a> (Log : materiautheque \/ MP : delatelierlibre26 )<br \/>\n<strong>Ou Par t\u00e9l\u00e9phone<\/strong> (tout les mercredi et samedi entre 10h et 18h) : Z\u00e9ro 6 66 39 77 04<\/p>\n<p><strong>Ou Rejoindre le groupe <a href=\"https:\/\/click.mlsend.com\/link\/c\/YT0yMTgyNjM5OTgzNjQ5NjIxNjMyJmM9bTNxNiZlPTAmYj0xMTEyMjAxMDUwJmQ9dzZlNmw1ag==.FKGlfsT9bQJZNB4zYxXW0GNt-LIyT5-gWHHxOQfSKn0\" target=\"_blank\" rel=\"noopener\" data-link-id=\"1112201050\">signal \u00ab\u00a0b\u00e9n\u00e9voles du Valence Atelier Libre\u00a0\u00bb<\/a><\/strong><\/p>\n<h3>Pourquoi ?<\/h3>\n<p>Parce que vous adorez fouiller dans les bennes mais votre garage est d\u00e9j\u00e0 plein.<br \/>\nParce que vous avez toujours eu ce petit cot\u00e9 militant et qu&rsquo;il est temps d&rsquo;y c\u00e9der en aidant association qui agit concr\u00e8tement.<br \/>\nParce qu&rsquo;enfant d\u00e9j\u00e0 vous r\u00eaviez d&rsquo;un coffre \u00e0 tr\u00e9sors grand comme une piscine municipale.<br \/>\nParce que vous avez un peu de temps et beaucoup envie d&rsquo;agir contre le gaspillage et limiter les d\u00e9chets.<\/p>\n<h3>Quand ?<\/h3>\n<p>Pendant les horaires d&rsquo;ouverture (mercredi et samedi de 10h \u00e0 18h). Ainsi que sur d&rsquo;autres temps pour des tourn\u00e9es de r\u00e9cup&rsquo;, des rangements, des sensibilisations en d\u00e9chetterie, des forums et foires etc. Tout ces temps sont visible sur notre agenda en ligne. Il ne vous reste plus qu&rsquo;\u00e0 vous inscrire !<br \/>\nTous les coup de main sont bienvenus, que se soit pour nous aider \u00e0 finir la cafeti\u00e8re le midi ou pour passer une ou deux heures par mois ou venir \u00e0 toute les permanences !!! Pas d&rsquo;engagement, que du fun !<\/p>\n<h3><span style=\"color: #000000;\">Les activit\u00e9s dans le d\u00e9tail ?<\/span><\/h3>\n<p>Vous pouve par exemple &#8230;<\/p>\n<p><span style=\"color: #000000;\">-aider \u00e0 <strong>trier les mat\u00e9riaux<\/strong> et leur faire une petite place dans les rayons, inventer les affichages et les meubles de rangement pour que le local reste agr\u00e9able et accueillant<\/span><\/p>\n<p><span style=\"color: #000000;\">-participer aux<strong> tourn\u00e9es de r\u00e9cup&rsquo;<\/strong>, qui sont avant tout de formidables rencontres avec les entreprises, g\u00e9n\u00e9ralement tr\u00e8s heureuses de voir que leurs d\u00e9chets trouvent une autre vie dans une \u00e9thique solidaire et participative<\/span><\/p>\n<p><span style=\"color: #000000;\">-aider \u00e0 <strong>tenir les permanences<\/strong> les mercredis et\/ou les samedis,<\/span><\/p>\n<p><span style=\"color: #000000;\">-participer aux <strong>ap\u00e9ros-r\u00e9unions<\/strong> de l&rsquo;\u00e9quipe pour apporter un regard suppl\u00e9mentaire et des id\u00e9es nouvelles&#8230; et finir par int\u00e9grer l&rsquo;\u00e9quipe !<\/span><\/p>\n<p><span style=\"color: #000000;\">les activit\u00e9s de la mat\u00e9riauth\u00e8que sont r\u00e9pertori\u00e9es dans un <strong>agenda partag\u00e9 en ligne<\/strong> dans lequel tou.te.s peuvent s&rsquo;inscrire : n&rsquo;h\u00e9sitez pas \u00e0 nous y rejoindre via ce lien :<\/span><\/p>\n<h3><span style=\"color: #000000;\"><a href=\"https:\/\/framagenda.org\/index.php\/login\">Lien vers l&rsquo;agenda<\/a><br \/>\n<\/span><\/h3>\n<h3><span style=\"color: #000000;\">identifiant : materiautheque<\/span><\/h3>\n<h3><span style=\"color: #000000;\">mot de passe\u00a0 : delatelierlibre26<\/span><\/h3>\n<p><span style=\"color: #000000;\">\u00e0 tr\u00e8s vite \u00e0 la mat\u00e9riauth\u00e8que !!<\/span><\/p>\n","protected":false},"excerpt":{"rendered":"<p>Les b\u00e9n\u00e9voles sont essentiel.le.s \u00e0 la mat\u00e9riauth\u00e8que&#8230; Sans elles et eux, cette initiative n&rsquo;aurait pas vu le jour.\u00a0 Illes donnent de leur \u00e9nergie et bonne humeur pour que tou.te.s les [&hellip;]<\/p>\n","protected":false},"author":1,"featured_media":0,"parent":0,"menu_order":0,"comment_status":"closed","ping_status":"closed","template":"page_fullwidth.php","meta":{"footnotes":""},"class_list":["post-949","page","type-page","status-publish","hentry"],"yoast_head":"<!-- This site is optimized with the Yoast SEO plugin v27.5 - https:\/\/yoast.com\/product\/yoast-seo-wordpress\/ -->\n<title>Devenir B\u00e9n\u00e9vole ! - Valence Atelier Libre<\/title>\n<meta name=\"robots\" content=\"index, follow, max-snippet:-1, max-image-preview:large, max-video-preview:-1\" \/>\n<link rel=\"canonical\" href=\"https:\/\/vatelier.fr\/index.php\/devenir-benevole\/\" \/>\n<meta property=\"og:locale\" content=\"fr_FR\" \/>\n<meta property=\"og:type\" content=\"article\" \/>\n<meta property=\"og:title\" content=\"Devenir B\u00e9n\u00e9vole ! - Valence Atelier Libre\" \/>\n<meta property=\"og:description\" content=\"Les b\u00e9n\u00e9voles sont essentiel.le.s \u00e0 la mat\u00e9riauth\u00e8que&#8230; Sans elles et eux, cette initiative n&rsquo;aurait pas vu le jour.\u00a0 Illes donnent de leur \u00e9nergie et bonne humeur pour que tou.te.s les [&hellip;]\" \/>\n<meta property=\"og:url\" content=\"https:\/\/vatelier.fr\/index.php\/devenir-benevole\/\" \/>\n<meta property=\"og:site_name\" content=\"Valence Atelier Libre\" \/>\n<meta property=\"article:modified_time\" content=\"2023-03-31T13:58:10+00:00\" \/>\n<meta name=\"twitter:card\" content=\"summary_large_image\" \/>\n<meta name=\"twitter:label1\" content=\"Dur\u00e9e de lecture estim\u00e9e\" \/>\n\t<meta name=\"twitter:data1\" content=\"3 minutes\" \/>\n<script type=\"application\/ld+json\" class=\"yoast-schema-graph\">{\"@context\":\"https:\\\/\\\/schema.org\",\"@graph\":[{\"@type\":\"WebPage\",\"@id\":\"https:\\\/\\\/vatelier.fr\\\/index.php\\\/devenir-benevole\\\/\",\"url\":\"https:\\\/\\\/vatelier.fr\\\/index.php\\\/devenir-benevole\\\/\",\"name\":\"Devenir B\u00e9n\u00e9vole ! - Valence Atelier Libre\",\"isPartOf\":{\"@id\":\"https:\\\/\\\/vatelier.fr\\\/#website\"},\"datePublished\":\"2017-09-09T09:53:26+00:00\",\"dateModified\":\"2023-03-31T13:58:10+00:00\",\"breadcrumb\":{\"@id\":\"https:\\\/\\\/vatelier.fr\\\/index.php\\\/devenir-benevole\\\/#breadcrumb\"},\"inLanguage\":\"fr-FR\",\"potentialAction\":[{\"@type\":\"ReadAction\",\"target\":[\"https:\\\/\\\/vatelier.fr\\\/index.php\\\/devenir-benevole\\\/\"]}]},{\"@type\":\"BreadcrumbList\",\"@id\":\"https:\\\/\\\/vatelier.fr\\\/index.php\\\/devenir-benevole\\\/#breadcrumb\",\"itemListElement\":[{\"@type\":\"ListItem\",\"position\":1,\"name\":\"Accueil\",\"item\":\"https:\\\/\\\/vatelier.fr\\\/\"},{\"@type\":\"ListItem\",\"position\":2,\"name\":\"Devenir B\u00e9n\u00e9vole !\"}]},{\"@type\":\"WebSite\",\"@id\":\"https:\\\/\\\/vatelier.fr\\\/#website\",\"url\":\"https:\\\/\\\/vatelier.fr\\\/\",\"name\":\"Valence Atelier Libre\",\"description\":\"Association de partage de savoir-faire\",\"publisher\":{\"@id\":\"https:\\\/\\\/vatelier.fr\\\/#organization\"},\"potentialAction\":[{\"@type\":\"SearchAction\",\"target\":{\"@type\":\"EntryPoint\",\"urlTemplate\":\"https:\\\/\\\/vatelier.fr\\\/?s={search_term_string}\"},\"query-input\":{\"@type\":\"PropertyValueSpecification\",\"valueRequired\":true,\"valueName\":\"search_term_string\"}}],\"inLanguage\":\"fr-FR\"},{\"@type\":\"Organization\",\"@id\":\"https:\\\/\\\/vatelier.fr\\\/#organization\",\"name\":\"Valence Atelier Libre\",\"url\":\"https:\\\/\\\/vatelier.fr\\\/\",\"logo\":{\"@type\":\"ImageObject\",\"inLanguage\":\"fr-FR\",\"@id\":\"https:\\\/\\\/vatelier.fr\\\/#\\\/schema\\\/logo\\\/image\\\/\",\"url\":\"http:\\\/\\\/vatelier.fr\\\/wp-content\\\/uploads\\\/2016\\\/02\\\/logo-jeanne.png\",\"contentUrl\":\"http:\\\/\\\/vatelier.fr\\\/wp-content\\\/uploads\\\/2016\\\/02\\\/logo-jeanne.png\",\"width\":906,\"height\":843,\"caption\":\"Valence Atelier Libre\"},\"image\":{\"@id\":\"https:\\\/\\\/vatelier.fr\\\/#\\\/schema\\\/logo\\\/image\\\/\"}}]}<\/script>\n<!-- \/ Yoast SEO plugin. -->","yoast_head_json":{"title":"Devenir B\u00e9n\u00e9vole ! - Valence Atelier Libre","robots":{"index":"index","follow":"follow","max-snippet":"max-snippet:-1","max-image-preview":"max-image-preview:large","max-video-preview":"max-video-preview:-1"},"canonical":"https:\/\/vatelier.fr\/index.php\/devenir-benevole\/","og_locale":"fr_FR","og_type":"article","og_title":"Devenir B\u00e9n\u00e9vole ! - Valence Atelier Libre","og_description":"Les b\u00e9n\u00e9voles sont essentiel.le.s \u00e0 la mat\u00e9riauth\u00e8que&#8230; Sans elles et eux, cette initiative n&rsquo;aurait pas vu le jour.\u00a0 Illes donnent de leur \u00e9nergie et bonne humeur pour que tou.te.s les [&hellip;]","og_url":"https:\/\/vatelier.fr\/index.php\/devenir-benevole\/","og_site_name":"Valence Atelier Libre","article_modified_time":"2023-03-31T13:58:10+00:00","twitter_card":"summary_large_image","twitter_misc":{"Dur\u00e9e de lecture estim\u00e9e":"3 minutes"},"schema":{"@context":"https:\/\/schema.org","@graph":[{"@type":"WebPage","@id":"https:\/\/vatelier.fr\/index.php\/devenir-benevole\/","url":"https:\/\/vatelier.fr\/index.php\/devenir-benevole\/","name":"Devenir B\u00e9n\u00e9vole ! - Valence Atelier Libre","isPartOf":{"@id":"https:\/\/vatelier.fr\/#website"},"datePublished":"2017-09-09T09:53:26+00:00","dateModified":"2023-03-31T13:58:10+00:00","breadcrumb":{"@id":"https:\/\/vatelier.fr\/index.php\/devenir-benevole\/#breadcrumb"},"inLanguage":"fr-FR","potentialAction":[{"@type":"ReadAction","target":["https:\/\/vatelier.fr\/index.php\/devenir-benevole\/"]}]},{"@type":"BreadcrumbList","@id":"https:\/\/vatelier.fr\/index.php\/devenir-benevole\/#breadcrumb","itemListElement":[{"@type":"ListItem","position":1,"name":"Accueil","item":"https:\/\/vatelier.fr\/"},{"@type":"ListItem","position":2,"name":"Devenir B\u00e9n\u00e9vole !"}]},{"@type":"WebSite","@id":"https:\/\/vatelier.fr\/#website","url":"https:\/\/vatelier.fr\/","name":"Valence Atelier Libre","description":"Association de partage de savoir-faire","publisher":{"@id":"https:\/\/vatelier.fr\/#organization"},"potentialAction":[{"@type":"SearchAction","target":{"@type":"EntryPoint","urlTemplate":"https:\/\/vatelier.fr\/?s={search_term_string}"},"query-input":{"@type":"PropertyValueSpecification","valueRequired":true,"valueName":"search_term_string"}}],"inLanguage":"fr-FR"},{"@type":"Organization","@id":"https:\/\/vatelier.fr\/#organization","name":"Valence Atelier Libre","url":"https:\/\/vatelier.fr\/","logo":{"@type":"ImageObject","inLanguage":"fr-FR","@id":"https:\/\/vatelier.fr\/#\/schema\/logo\/image\/","url":"http:\/\/vatelier.fr\/wp-content\/uploads\/2016\/02\/logo-jeanne.png","contentUrl":"http:\/\/vatelier.fr\/wp-content\/uploads\/2016\/02\/logo-jeanne.png","width":906,"height":843,"caption":"Valence Atelier Libre"},"image":{"@id":"https:\/\/vatelier.fr\/#\/schema\/logo\/image\/"}}]}},"_links":{"self":[{"href":"https:\/\/vatelier.fr\/index.php\/wp-json\/wp\/v2\/pages\/949","targetHints":{"allow":["GET"]}}],"collection":[{"href":"https:\/\/vatelier.fr\/index.php\/wp-json\/wp\/v2\/pages"}],"about":[{"href":"https:\/\/vatelier.fr\/index.php\/wp-json\/wp\/v2\/types\/page"}],"author":[{"embeddable":true,"href":"https:\/\/vatelier.fr\/index.php\/wp-json\/wp\/v2\/users\/1"}],"replies":[{"embeddable":true,"href":"https:\/\/vatelier.fr\/index.php\/wp-json\/wp\/v2\/comments?post=949"}],"version-history":[{"count":13,"href":"https:\/\/vatelier.fr\/index.php\/wp-json\/wp\/v2\/pages\/949\/revisions"}],"predecessor-version":[{"id":2420,"href":"https:\/\/vatelier.fr\/index.php\/wp-json\/wp\/v2\/pages\/949\/revisions\/2420"}],"wp:attachment":[{"href":"https:\/\/vatelier.fr\/index.php\/wp-json\/wp\/v2\/media?parent=949"}],"curies":[{"name":"wp","href":"https:\/\/api.w.org\/{rel}","templated":true}]}}

Devenir Bénévole !

<p><strong>Les bénévoles sont essentiel.le.s à la matériauthèque&#8230; Sans elles et eux, cette initiative n&rsquo;aurait pas vu le jour.</strong>  Illes donnent de leur énergie et bonne humeur pour que tou.te.s les bricoleur.euse.s puissent trouver des trésors de la récup&rsquo; toute l&rsquo;année!<br />
Les différentes activités sont partagées et réalisées ensembles afin de permettre à cette initiative d&rsquo;exister et de perdurer, et à chacun de rester motivé.e!<br />
Illes sont présent.e.s à chaque étape : communication, démarchage des entreprises aux bennes pleines, tournées de récup, tri, rangement et aménagement, puis tenue des permanences.</p>
<p>Chacun.e arrive à la matériauthèque avec ses idées, sa créativité, ses envies. Nous tendons à créer une atmosphère conviviale et qui amène au partage : ensemble, on est tellement plus riches!</p>
<h3><strong>Comment s&rsquo;inscrire ou se renseigner sur les activités bénévoles :</strong></h3>
<p><strong>En se rencontrant : </strong>Sur demande ou à une permanence accueil (à l&rsquo;atelier) ou tout les mercredi et samedi à la matériauthèque (10h-18h)<br />
<strong>Ou Par Mail :</strong> <a href="mailto:contact@vatelier.fr" target="_blank" rel="noopener">contact@vatelier.fr</a><br />
<strong>Ou Directement dans l&rsquo;agenda en ligne :</strong> <a href="https://click.mlsend.com/link/c/YT0yMTgyNjM5OTgzNjQ5NjIxNjMyJmM9bTNxNiZlPTAmYj0xMTEyMjAxMDQ4JmQ9czZtNmsybw==.SSgFcxr3PRhcL0xOoN6isrChJasMqbIbWtbIlSEZhBA" target="_blank" rel="noopener" data-link-id="1112201048">www.framagenda.org</a> (Log : materiautheque / MP : delatelierlibre26 )<br />
<strong>Ou Par téléphone</strong> (tout les mercredi et samedi entre 10h et 18h) : Zéro 6 66 39 77 04</p>
<p><strong>Ou Rejoindre le groupe <a href="https://click.mlsend.com/link/c/YT0yMTgyNjM5OTgzNjQ5NjIxNjMyJmM9bTNxNiZlPTAmYj0xMTEyMjAxMDUwJmQ9dzZlNmw1ag==.FKGlfsT9bQJZNB4zYxXW0GNt-LIyT5-gWHHxOQfSKn0" target="_blank" rel="noopener" data-link-id="1112201050">signal « bénévoles du Valence Atelier Libre »</a></strong></p>
<h3>Pourquoi ?</h3>
<p>Parce que vous adorez fouiller dans les bennes mais votre garage est déjà plein.<br />
Parce que vous avez toujours eu ce petit coté militant et qu&rsquo;il est temps d&rsquo;y céder en aidant association qui agit concrètement.<br />
Parce qu&rsquo;enfant déjà vous rêviez d&rsquo;un coffre à trésors grand comme une piscine municipale.<br />
Parce que vous avez un peu de temps et beaucoup envie d&rsquo;agir contre le gaspillage et limiter les déchets.</p>
<h3>Quand ?</h3>
<p>Pendant les horaires d&rsquo;ouverture (mercredi et samedi de 10h à 18h). Ainsi que sur d&rsquo;autres temps pour des tournées de récup&rsquo;, des rangements, des sensibilisations en déchetterie, des forums et foires etc. Tout ces temps sont visible sur notre agenda en ligne. Il ne vous reste plus qu&rsquo;à vous inscrire !<br />
Tous les coup de main sont bienvenus, que se soit pour nous aider à finir la cafetière le midi ou pour passer une ou deux heures par mois ou venir à toute les permanences !!! Pas d&rsquo;engagement, que du fun !</p>
<h3><span style="color: #000000;">Les activités dans le détail ?</span></h3>
<p>Vous pouve par exemple &#8230;</p>
<p><span style="color: #000000;">-aider à <strong>trier les matériaux</strong> et leur faire une petite place dans les rayons, inventer les affichages et les meubles de rangement pour que le local reste agréable et accueillant</span></p>
<p><span style="color: #000000;">-participer aux<strong> tournées de récup&rsquo;</strong>, qui sont avant tout de formidables rencontres avec les entreprises, généralement très heureuses de voir que leurs déchets trouvent une autre vie dans une éthique solidaire et participative</span></p>
<p><span style="color: #000000;">-aider à <strong>tenir les permanences</strong> les mercredis et/ou les samedis,</span></p>
<p><span style="color: #000000;">-participer aux <strong>apéros-réunions</strong> de l&rsquo;équipe pour apporter un regard supplémentaire et des idées nouvelles&#8230; et finir par intégrer l&rsquo;équipe !</span></p>
<p><span style="color: #000000;">les activités de la matériauthèque sont répertoriées dans un <strong>agenda partagé en ligne</strong> dans lequel tou.te.s peuvent s&rsquo;inscrire : n&rsquo;hésitez pas à nous y rejoindre via ce lien :</span></p>
<h3><span style="color: #000000;"><a href="https://framagenda.org/index.php/login">Lien vers l&rsquo;agenda</a><br />
</span></h3>
<h3><span style="color: #000000;">identifiant : materiautheque</span></h3>
<h3><span style="color: #000000;">mot de passe  : delatelierlibre26</span></h3>
<p><span style="color: #000000;">à très vite à la matériauthèque !!</span></p>

<p>Les bénévoles sont essentiel.le.s à la matériauthèque&#8230; Sans elles et eux, cette initiative n&rsquo;aurait pas vu le jour.  Illes donnent de leur énergie et bonne humeur pour que tou.te.s les [&hellip;]</p>

<!-- This site is optimized with the Yoast SEO plugin v27.5 - https://yoast.com/product/yoast-seo-wordpress/ -->
<title>Devenir Bénévole ! - Valence Atelier Libre</title>
<meta name="robots" content="index, follow, max-snippet:-1, max-image-preview:large, max-video-preview:-1" />
<link rel="canonical" href="https://vatelier.fr/index.php/devenir-benevole/" />
<meta property="og:locale" content="fr_FR" />
<meta property="og:type" content="article" />
<meta property="og:title" content="Devenir Bénévole ! - Valence Atelier Libre" />
<meta property="og:description" content="Les bénévoles sont essentiel.le.s à la matériauthèque&#8230; Sans elles et eux, cette initiative n&rsquo;aurait pas vu le jour.  Illes donnent de leur énergie et bonne humeur pour que tou.te.s les [&hellip;]" />
<meta property="og:url" content="https://vatelier.fr/index.php/devenir-benevole/" />
<meta property="og:site_name" content="Valence Atelier Libre" />
<meta property="article:modified_time" content="2023-03-31T13:58:10+00:00" />
<meta name="twitter:card" content="summary_large_image" />
<meta name="twitter:label1" content="Durée de lecture estimée" />
	<meta name="twitter:data1" content="3 minutes" />
<script type="application/ld+json" class="yoast-schema-graph">{"@context":"https:\/\/schema.org","@graph":[{"@type":"WebPage","@id":"https:\/\/vatelier.fr\/index.php\/devenir-benevole\/","url":"https:\/\/vatelier.fr\/index.php\/devenir-benevole\/","name":"Devenir Bénévole ! - Valence Atelier Libre","isPartOf":{"@id":"https:\/\/vatelier.fr\/#website"},"datePublished":"2017-09-09T09:53:26+00:00","dateModified":"2023-03-31T13:58:10+00:00","breadcrumb":{"@id":"https:\/\/vatelier.fr\/index.php\/devenir-benevole\/#breadcrumb"},"inLanguage":"fr-FR","potentialAction":[{"@type":"ReadAction","target":["https:\/\/vatelier.fr\/index.php\/devenir-benevole\/"]}]},{"@type":"BreadcrumbList","@id":"https:\/\/vatelier.fr\/index.php\/devenir-benevole\/#breadcrumb","itemListElement":[{"@type":"ListItem","position":1,"name":"Accueil","item":"https:\/\/vatelier.fr\/"},{"@type":"ListItem","position":2,"name":"Devenir Bénévole !"}]},{"@type":"WebSite","@id":"https:\/\/vatelier.fr\/#website","url":"https:\/\/vatelier.fr\/","name":"Valence Atelier Libre","description":"Association de partage de savoir-faire","publisher":{"@id":"https:\/\/vatelier.fr\/#organization"},"potentialAction":[{"@type":"SearchAction","target":{"@type":"EntryPoint","urlTemplate":"https:\/\/vatelier.fr\/?s={search_term_string}"},"query-input":{"@type":"PropertyValueSpecification","valueRequired":true,"valueName":"search_term_string"}}],"inLanguage":"fr-FR"},{"@type":"Organization","@id":"https:\/\/vatelier.fr\/#organization","name":"Valence Atelier Libre","url":"https:\/\/vatelier.fr\/","logo":{"@type":"ImageObject","inLanguage":"fr-FR","@id":"https:\/\/vatelier.fr\/#\/schema\/logo\/image\/","url":"http:\/\/vatelier.fr\/wp-content\/uploads\/2016\/02\/logo-jeanne.png","contentUrl":"http:\/\/vatelier.fr\/wp-content\/uploads\/2016\/02\/logo-jeanne.png","width":906,"height":843,"caption":"Valence Atelier Libre"},"image":{"@id":"https:\/\/vatelier.fr\/#\/schema\/logo\/image\/"}}]}</script>
<!-- / Yoast SEO plugin. -->

Devenir Bénévole ! - Valence Atelier Libre

Les bénévoles sont essentiel.le.s à la matériauthèque&#8230; Sans elles et eux, cette initiative n&rsquo;aurait pas vu le jour.  Illes donnent de leur énergie et bonne humeur pour que tou.te.s les [&hellip;]
