{"id":99,"date":"2015-11-18T11:56:02","date_gmt":"2015-11-18T10:56:02","guid":{"rendered":"http:\/\/vatelierdeveloppement.fr\/?page_id=99"},"modified":"2021-01-27T12:28:57","modified_gmt":"2021-01-27T10:28:57","slug":"contact","status":"publish","type":"page","link":"https:\/\/vatelier.fr\/index.php\/contact\/","title":{"rendered":"Acc\u00e8s &#038; Contact"},"content":{"rendered":"<div class=\"entry-content\">\u00a0<iframe loading=\"lazy\" src=\"https:\/\/framacarte.org\/fr\/map\/carte-sans-nom_11465?scaleControl=false&amp;miniMap=false&amp;scrollWheelZoom=false&amp;zoomControl=true&amp;allowEdit=false&amp;moreControl=true&amp;searchControl=null&amp;tilelayersControl=null&amp;embedControl=null&amp;datalayersControl=true&amp;onLoadPanel=undefined&amp;captionBar=false\" width=\"100%\" height=\"300px\" frameborder=\"0\"><\/iframe><\/div>\n<p><a href=\"https:\/\/framacarte.org\/fr\/map\/carte-sans-nom_11465\">Voir en plein \u00e9cran<\/a><\/p>\n<p>Notre association est dans deux locaux distincts avec des activit\u00e9s diff\u00e9rentes :<\/p>\n<p><strong>MATERIAUTHEQUE \u00e0 MONTMEYRAN:<\/strong><\/p>\n<p>Quartier la Charlotte,<br \/>\n1389 chemin des pr\u00e9aux,<br \/>\n26120 Montmeyran<br \/>\nGPS : lat : 44,824269000000001 \/ long : 4,993223999999997<\/p>\n<p>materiautheque (at) vatelier.fr<\/p>\n<p>TEL : Ligne ouverte <strong>mercredi\u00a0 <\/strong><strong>et Samedi 10h-18h : 06 66 39 77 z\u00e9ro 4<\/strong><\/p>\n<p><strong>L&rsquo;ATELIER \u00e0 VALENCE :<\/strong><\/p>\n<p>13 bis rue Montplaisir, 26000 VALENCE<\/p>\n<p>mail : contact (at) vatelier.fr<\/p>\n<p>Horaire : Variables ! C&rsquo;est souvent ouvert sauf quand c&rsquo;est ferm\u00e9. Pour \u00eatre sur de trouver quelqu&rsquo;un pour vous accueillir envoyer un mail pour avoir un rendez vous \ud83d\ude09<\/p>\n<p>TEL : Il n&rsquo;y a pas de t\u00e9l\u00e9phone \u00e0 l&rsquo;atelier, contactez nous par mail !<\/p>\n<p><span style=\"color: #333333;\"><strong>Nous trouver :<\/strong><\/span><\/p>\n<p><span style=\"color: #333333;\"><strong>La mat\u00e9riauth\u00e8que \u00e0 Montmeyran, nous louons un box dans les b\u00e2timent de la SCI Berard. C&rsquo;est \u00e0 la sortie de montmeyran en direction de Crest. Un grand b\u00e2timent Bleu marine (ancienne usine de cagette).<br \/>\n<\/strong><\/span><\/p>\n<p>Les coordonn\u00e9e GPS : lat : 44,824269000000001 \/ long : 4,993223999999997<\/p>\n<p><strong>L&rsquo;atelier \u00e0 Valence se situe dans la rue du lyc\u00e9e montplaisir 50m avant d&rsquo;arriver au feu du Lidl&#8230;<\/strong><\/p>\n","protected":false},"excerpt":{"rendered":"<p>\u00a0 Voir en plein \u00e9cran Notre association est dans deux locaux distincts avec des activit\u00e9s diff\u00e9rentes : MATERIAUTHEQUE \u00e0 MONTMEYRAN: Quartier la Charlotte, 1389 chemin des pr\u00e9aux, 26120 Montmeyran GPS [&hellip;]<\/p>\n","protected":false},"author":1,"featured_media":0,"parent":0,"menu_order":6,"comment_status":"closed","ping_status":"closed","template":"page_fullwidth.php","meta":{"footnotes":""},"class_list":["post-99","page","type-page","status-publish","hentry"],"yoast_head":"<!-- This site is optimized with the Yoast SEO plugin v27.5 - https:\/\/yoast.com\/product\/yoast-seo-wordpress\/ -->\n<title>Acc\u00e8s &amp; Contact - Valence Atelier Libre<\/title>\n<meta name=\"robots\" content=\"index, follow, max-snippet:-1, max-image-preview:large, max-video-preview:-1\" \/>\n<link rel=\"canonical\" href=\"https:\/\/vatelier.fr\/index.php\/contact\/\" \/>\n<meta property=\"og:locale\" content=\"fr_FR\" \/>\n<meta property=\"og:type\" content=\"article\" \/>\n<meta property=\"og:title\" content=\"Acc\u00e8s &amp; Contact - Valence Atelier Libre\" \/>\n<meta property=\"og:description\" content=\"\u00a0 Voir en plein \u00e9cran Notre association est dans deux locaux distincts avec des activit\u00e9s diff\u00e9rentes : MATERIAUTHEQUE \u00e0 MONTMEYRAN: Quartier la Charlotte, 1389 chemin des pr\u00e9aux, 26120 Montmeyran GPS [&hellip;]\" \/>\n<meta property=\"og:url\" content=\"https:\/\/vatelier.fr\/index.php\/contact\/\" \/>\n<meta property=\"og:site_name\" content=\"Valence Atelier Libre\" \/>\n<meta property=\"article:modified_time\" content=\"2021-01-27T10:28:57+00:00\" \/>\n<meta name=\"twitter:card\" content=\"summary_large_image\" \/>\n<meta name=\"twitter:label1\" content=\"Dur\u00e9e de lecture estim\u00e9e\" \/>\n\t<meta name=\"twitter:data1\" content=\"1 minute\" \/>\n<script type=\"application\/ld+json\" class=\"yoast-schema-graph\">{\"@context\":\"https:\\\/\\\/schema.org\",\"@graph\":[{\"@type\":\"WebPage\",\"@id\":\"https:\\\/\\\/vatelier.fr\\\/index.php\\\/contact\\\/\",\"url\":\"https:\\\/\\\/vatelier.fr\\\/index.php\\\/contact\\\/\",\"name\":\"Acc\u00e8s & Contact - Valence Atelier Libre\",\"isPartOf\":{\"@id\":\"https:\\\/\\\/vatelier.fr\\\/#website\"},\"datePublished\":\"2015-11-18T10:56:02+00:00\",\"dateModified\":\"2021-01-27T10:28:57+00:00\",\"breadcrumb\":{\"@id\":\"https:\\\/\\\/vatelier.fr\\\/index.php\\\/contact\\\/#breadcrumb\"},\"inLanguage\":\"fr-FR\",\"potentialAction\":[{\"@type\":\"ReadAction\",\"target\":[\"https:\\\/\\\/vatelier.fr\\\/index.php\\\/contact\\\/\"]}]},{\"@type\":\"BreadcrumbList\",\"@id\":\"https:\\\/\\\/vatelier.fr\\\/index.php\\\/contact\\\/#breadcrumb\",\"itemListElement\":[{\"@type\":\"ListItem\",\"position\":1,\"name\":\"Accueil\",\"item\":\"https:\\\/\\\/vatelier.fr\\\/\"},{\"@type\":\"ListItem\",\"position\":2,\"name\":\"Acc\u00e8s &#038; Contact\"}]},{\"@type\":\"WebSite\",\"@id\":\"https:\\\/\\\/vatelier.fr\\\/#website\",\"url\":\"https:\\\/\\\/vatelier.fr\\\/\",\"name\":\"Valence Atelier Libre\",\"description\":\"Association de partage de savoir-faire\",\"publisher\":{\"@id\":\"https:\\\/\\\/vatelier.fr\\\/#organization\"},\"potentialAction\":[{\"@type\":\"SearchAction\",\"target\":{\"@type\":\"EntryPoint\",\"urlTemplate\":\"https:\\\/\\\/vatelier.fr\\\/?s={search_term_string}\"},\"query-input\":{\"@type\":\"PropertyValueSpecification\",\"valueRequired\":true,\"valueName\":\"search_term_string\"}}],\"inLanguage\":\"fr-FR\"},{\"@type\":\"Organization\",\"@id\":\"https:\\\/\\\/vatelier.fr\\\/#organization\",\"name\":\"Valence Atelier Libre\",\"url\":\"https:\\\/\\\/vatelier.fr\\\/\",\"logo\":{\"@type\":\"ImageObject\",\"inLanguage\":\"fr-FR\",\"@id\":\"https:\\\/\\\/vatelier.fr\\\/#\\\/schema\\\/logo\\\/image\\\/\",\"url\":\"http:\\\/\\\/vatelier.fr\\\/wp-content\\\/uploads\\\/2016\\\/02\\\/logo-jeanne.png\",\"contentUrl\":\"http:\\\/\\\/vatelier.fr\\\/wp-content\\\/uploads\\\/2016\\\/02\\\/logo-jeanne.png\",\"width\":906,\"height\":843,\"caption\":\"Valence Atelier Libre\"},\"image\":{\"@id\":\"https:\\\/\\\/vatelier.fr\\\/#\\\/schema\\\/logo\\\/image\\\/\"}}]}<\/script>\n<!-- \/ Yoast SEO plugin. -->","yoast_head_json":{"title":"Acc\u00e8s & Contact - Valence Atelier Libre","robots":{"index":"index","follow":"follow","max-snippet":"max-snippet:-1","max-image-preview":"max-image-preview:large","max-video-preview":"max-video-preview:-1"},"canonical":"https:\/\/vatelier.fr\/index.php\/contact\/","og_locale":"fr_FR","og_type":"article","og_title":"Acc\u00e8s & Contact - Valence Atelier Libre","og_description":"\u00a0 Voir en plein \u00e9cran Notre association est dans deux locaux distincts avec des activit\u00e9s diff\u00e9rentes : MATERIAUTHEQUE \u00e0 MONTMEYRAN: Quartier la Charlotte, 1389 chemin des pr\u00e9aux, 26120 Montmeyran GPS [&hellip;]","og_url":"https:\/\/vatelier.fr\/index.php\/contact\/","og_site_name":"Valence Atelier Libre","article_modified_time":"2021-01-27T10:28:57+00:00","twitter_card":"summary_large_image","twitter_misc":{"Dur\u00e9e de lecture estim\u00e9e":"1 minute"},"schema":{"@context":"https:\/\/schema.org","@graph":[{"@type":"WebPage","@id":"https:\/\/vatelier.fr\/index.php\/contact\/","url":"https:\/\/vatelier.fr\/index.php\/contact\/","name":"Acc\u00e8s & Contact - Valence Atelier Libre","isPartOf":{"@id":"https:\/\/vatelier.fr\/#website"},"datePublished":"2015-11-18T10:56:02+00:00","dateModified":"2021-01-27T10:28:57+00:00","breadcrumb":{"@id":"https:\/\/vatelier.fr\/index.php\/contact\/#breadcrumb"},"inLanguage":"fr-FR","potentialAction":[{"@type":"ReadAction","target":["https:\/\/vatelier.fr\/index.php\/contact\/"]}]},{"@type":"BreadcrumbList","@id":"https:\/\/vatelier.fr\/index.php\/contact\/#breadcrumb","itemListElement":[{"@type":"ListItem","position":1,"name":"Accueil","item":"https:\/\/vatelier.fr\/"},{"@type":"ListItem","position":2,"name":"Acc\u00e8s &#038; Contact"}]},{"@type":"WebSite","@id":"https:\/\/vatelier.fr\/#website","url":"https:\/\/vatelier.fr\/","name":"Valence Atelier Libre","description":"Association de partage de savoir-faire","publisher":{"@id":"https:\/\/vatelier.fr\/#organization"},"potentialAction":[{"@type":"SearchAction","target":{"@type":"EntryPoint","urlTemplate":"https:\/\/vatelier.fr\/?s={search_term_string}"},"query-input":{"@type":"PropertyValueSpecification","valueRequired":true,"valueName":"search_term_string"}}],"inLanguage":"fr-FR"},{"@type":"Organization","@id":"https:\/\/vatelier.fr\/#organization","name":"Valence Atelier Libre","url":"https:\/\/vatelier.fr\/","logo":{"@type":"ImageObject","inLanguage":"fr-FR","@id":"https:\/\/vatelier.fr\/#\/schema\/logo\/image\/","url":"http:\/\/vatelier.fr\/wp-content\/uploads\/2016\/02\/logo-jeanne.png","contentUrl":"http:\/\/vatelier.fr\/wp-content\/uploads\/2016\/02\/logo-jeanne.png","width":906,"height":843,"caption":"Valence Atelier Libre"},"image":{"@id":"https:\/\/vatelier.fr\/#\/schema\/logo\/image\/"}}]}},"_links":{"self":[{"href":"https:\/\/vatelier.fr\/index.php\/wp-json\/wp\/v2\/pages\/99","targetHints":{"allow":["GET"]}}],"collection":[{"href":"https:\/\/vatelier.fr\/index.php\/wp-json\/wp\/v2\/pages"}],"about":[{"href":"https:\/\/vatelier.fr\/index.php\/wp-json\/wp\/v2\/types\/page"}],"author":[{"embeddable":true,"href":"https:\/\/vatelier.fr\/index.php\/wp-json\/wp\/v2\/users\/1"}],"replies":[{"embeddable":true,"href":"https:\/\/vatelier.fr\/index.php\/wp-json\/wp\/v2\/comments?post=99"}],"version-history":[{"count":42,"href":"https:\/\/vatelier.fr\/index.php\/wp-json\/wp\/v2\/pages\/99\/revisions"}],"predecessor-version":[{"id":1751,"href":"https:\/\/vatelier.fr\/index.php\/wp-json\/wp\/v2\/pages\/99\/revisions\/1751"}],"wp:attachment":[{"href":"https:\/\/vatelier.fr\/index.php\/wp-json\/wp\/v2\/media?parent=99"}],"curies":[{"name":"wp","href":"https:\/\/api.w.org\/{rel}","templated":true}]}}

Accès &#038; Contact

<div class="entry-content"> <iframe loading="lazy" src="https://framacarte.org/fr/map/carte-sans-nom_11465?scaleControl=false&amp;miniMap=false&amp;scrollWheelZoom=false&amp;zoomControl=true&amp;allowEdit=false&amp;moreControl=true&amp;searchControl=null&amp;tilelayersControl=null&amp;embedControl=null&amp;datalayersControl=true&amp;onLoadPanel=undefined&amp;captionBar=false" width="100%" height="300px" frameborder="0"></iframe></div>
<p><a href="https://framacarte.org/fr/map/carte-sans-nom_11465">Voir en plein écran</a></p>
<p>Notre association est dans deux locaux distincts avec des activités différentes :</p>
<p><strong>MATERIAUTHEQUE à MONTMEYRAN:</strong></p>
<p>Quartier la Charlotte,<br />
1389 chemin des préaux,<br />
26120 Montmeyran<br />
GPS : lat : 44,824269000000001 / long : 4,993223999999997</p>
<p>materiautheque (at) vatelier.fr</p>
<p>TEL : Ligne ouverte <strong>mercredi  </strong><strong>et Samedi 10h-18h : 06 66 39 77 zéro 4</strong></p>
<p><strong>L&rsquo;ATELIER à VALENCE :</strong></p>
<p>13 bis rue Montplaisir, 26000 VALENCE</p>
<p>mail : contact (at) vatelier.fr</p>
<p>Horaire : Variables ! C&rsquo;est souvent ouvert sauf quand c&rsquo;est fermé. Pour être sur de trouver quelqu&rsquo;un pour vous accueillir envoyer un mail pour avoir un rendez vous 😉</p>
<p>TEL : Il n&rsquo;y a pas de téléphone à l&rsquo;atelier, contactez nous par mail !</p>
<p><span style="color: #333333;"><strong>Nous trouver :</strong></span></p>
<p><span style="color: #333333;"><strong>La matériauthèque à Montmeyran, nous louons un box dans les bâtiment de la SCI Berard. C&rsquo;est à la sortie de montmeyran en direction de Crest. Un grand bâtiment Bleu marine (ancienne usine de cagette).<br />
</strong></span></p>
<p>Les coordonnée GPS : lat : 44,824269000000001 / long : 4,993223999999997</p>
<p><strong>L&rsquo;atelier à Valence se situe dans la rue du lycée montplaisir 50m avant d&rsquo;arriver au feu du Lidl&#8230;</strong></p>

<p>  Voir en plein écran Notre association est dans deux locaux distincts avec des activités différentes : MATERIAUTHEQUE à MONTMEYRAN: Quartier la Charlotte, 1389 chemin des préaux, 26120 Montmeyran GPS [&hellip;]</p>

<!-- This site is optimized with the Yoast SEO plugin v27.5 - https://yoast.com/product/yoast-seo-wordpress/ -->
<title>Accès &amp; Contact - Valence Atelier Libre</title>
<meta name="robots" content="index, follow, max-snippet:-1, max-image-preview:large, max-video-preview:-1" />
<link rel="canonical" href="https://vatelier.fr/index.php/contact/" />
<meta property="og:locale" content="fr_FR" />
<meta property="og:type" content="article" />
<meta property="og:title" content="Accès &amp; Contact - Valence Atelier Libre" />
<meta property="og:description" content="  Voir en plein écran Notre association est dans deux locaux distincts avec des activités différentes : MATERIAUTHEQUE à MONTMEYRAN: Quartier la Charlotte, 1389 chemin des préaux, 26120 Montmeyran GPS [&hellip;]" />
<meta property="og:url" content="https://vatelier.fr/index.php/contact/" />
<meta property="og:site_name" content="Valence Atelier Libre" />
<meta property="article:modified_time" content="2021-01-27T10:28:57+00:00" />
<meta name="twitter:card" content="summary_large_image" />
<meta name="twitter:label1" content="Durée de lecture estimée" />
	<meta name="twitter:data1" content="1 minute" />
<script type="application/ld+json" class="yoast-schema-graph">{"@context":"https:\/\/schema.org","@graph":[{"@type":"WebPage","@id":"https:\/\/vatelier.fr\/index.php\/contact\/","url":"https:\/\/vatelier.fr\/index.php\/contact\/","name":"Accès & Contact - Valence Atelier Libre","isPartOf":{"@id":"https:\/\/vatelier.fr\/#website"},"datePublished":"2015-11-18T10:56:02+00:00","dateModified":"2021-01-27T10:28:57+00:00","breadcrumb":{"@id":"https:\/\/vatelier.fr\/index.php\/contact\/#breadcrumb"},"inLanguage":"fr-FR","potentialAction":[{"@type":"ReadAction","target":["https:\/\/vatelier.fr\/index.php\/contact\/"]}]},{"@type":"BreadcrumbList","@id":"https:\/\/vatelier.fr\/index.php\/contact\/#breadcrumb","itemListElement":[{"@type":"ListItem","position":1,"name":"Accueil","item":"https:\/\/vatelier.fr\/"},{"@type":"ListItem","position":2,"name":"Accès &#038; Contact"}]},{"@type":"WebSite","@id":"https:\/\/vatelier.fr\/#website","url":"https:\/\/vatelier.fr\/","name":"Valence Atelier Libre","description":"Association de partage de savoir-faire","publisher":{"@id":"https:\/\/vatelier.fr\/#organization"},"potentialAction":[{"@type":"SearchAction","target":{"@type":"EntryPoint","urlTemplate":"https:\/\/vatelier.fr\/?s={search_term_string}"},"query-input":{"@type":"PropertyValueSpecification","valueRequired":true,"valueName":"search_term_string"}}],"inLanguage":"fr-FR"},{"@type":"Organization","@id":"https:\/\/vatelier.fr\/#organization","name":"Valence Atelier Libre","url":"https:\/\/vatelier.fr\/","logo":{"@type":"ImageObject","inLanguage":"fr-FR","@id":"https:\/\/vatelier.fr\/#\/schema\/logo\/image\/","url":"http:\/\/vatelier.fr\/wp-content\/uploads\/2016\/02\/logo-jeanne.png","contentUrl":"http:\/\/vatelier.fr\/wp-content\/uploads\/2016\/02\/logo-jeanne.png","width":906,"height":843,"caption":"Valence Atelier Libre"},"image":{"@id":"https:\/\/vatelier.fr\/#\/schema\/logo\/image\/"}}]}</script>
<!-- / Yoast SEO plugin. -->

Accès & Contact - Valence Atelier Libre

Voir en plein écran Notre association est dans deux locaux distincts avec des activités différentes : MATERIAUTHEQUE à MONTMEYRAN: Quartier la Charlotte, 1389 chemin des préaux, 26120 Montmeyran GPS [&hellip;]
